{"id":143,"date":"2017-06-16T13:44:00","date_gmt":"2017-06-16T10:44:00","guid":{"rendered":"http:\/\/www.roppanen.fi\/blogi\/?page_id=143"},"modified":"2017-06-16T13:49:59","modified_gmt":"2017-06-16T10:49:59","slug":"yhteystiedot","status":"publish","type":"page","link":"https:\/\/www.roppanen.fi\/index.php\/yhteystiedot\/","title":{"rendered":"YHTEYSTIEDOT"},"content":{"rendered":"<div class=\"header\">\n<h2>Yhteystiedot<\/h2>\n<\/div>\n<div class=\"content\">\n<div class=\"kskpages_container\" data-kskpage-id=\"\">\n<div class=\"madpages_component \" data-kskpage-component-id=\"\">\n<div class=\"madpage_htmleditor_component_container\">\n<div id=\"madpages_element_htmleditor_1_sideblock_69097_1\" class=\"madpages_element madpages_htmleditor\" data-ksk-type=\"htmleditor\" data-ksk-el-id=\"1_sideblock_69097_1\">\n<div>\n<div>\n<p>Joonas R\u00f6pp\u00e4nen<\/p>\n<p><img decoding=\"async\" class=\"wp-image-146 alignleft\" src=\"http:\/\/www.roppanen.fi\/blogi\/wp-content\/uploads\/2017\/06\/icon_1674-300x229.png\" alt=\"\" width=\"64\" height=\"49\" srcset=\"https:\/\/www.roppanen.fi\/wp-content\/uploads\/2017\/06\/icon_1674-200x153.png 200w, https:\/\/www.roppanen.fi\/wp-content\/uploads\/2017\/06\/icon_1674-300x229.png 300w, https:\/\/www.roppanen.fi\/wp-content\/uploads\/2017\/06\/icon_1674-400x305.png 400w, https:\/\/www.roppanen.fi\/wp-content\/uploads\/2017\/06\/icon_1674-600x458.png 600w, https:\/\/www.roppanen.fi\/wp-content\/uploads\/2017\/06\/icon_1674-768x586.png 768w, https:\/\/www.roppanen.fi\/wp-content\/uploads\/2017\/06\/icon_1674-800x611.png 800w, https:\/\/www.roppanen.fi\/wp-content\/uploads\/2017\/06\/icon_1674.png 976w\" sizes=\"(max-width: 64px) 100vw, 64px\" \/><br \/>\n<strong>joonas.roppanen<\/strong> (\u00e4t) <strong>gmail.com<\/strong><\/p>\n<p>&nbsp;<\/p>\n<p><img decoding=\"async\" class=\"wp-image-144 alignleft\" src=\"http:\/\/www.roppanen.fi\/blogi\/wp-content\/uploads\/2017\/06\/435px-Btc-sans-218x300.png\" alt=\"\" width=\"50\" height=\"69\" srcset=\"https:\/\/www.roppanen.fi\/wp-content\/uploads\/2017\/06\/435px-Btc-sans-200x276.png 200w, https:\/\/www.roppanen.fi\/wp-content\/uploads\/2017\/06\/435px-Btc-sans-218x300.png 218w, https:\/\/www.roppanen.fi\/wp-content\/uploads\/2017\/06\/435px-Btc-sans-400x552.png 400w, https:\/\/www.roppanen.fi\/wp-content\/uploads\/2017\/06\/435px-Btc-sans.png 435w\" sizes=\"(max-width: 50px) 100vw, 50px\" \/><\/p>\n<p>&nbsp;<\/p>\n<p>itcoin:<\/p>\n<div><strong>1EpcqFUWhTUCBU3DDHojbFmBFRmpNygtz8<\/strong><strong><br \/>\n<\/strong><br \/>\n<strong><img decoding=\"async\" class=\"wp-image-145 alignleft\" src=\"http:\/\/www.roppanen.fi\/blogi\/wp-content\/uploads\/2017\/06\/nordea-300x225.png\" alt=\"\" width=\"97\" height=\"73\" srcset=\"https:\/\/www.roppanen.fi\/wp-content\/uploads\/2017\/06\/nordea-200x150.png 200w, https:\/\/www.roppanen.fi\/wp-content\/uploads\/2017\/06\/nordea.png 300w\" sizes=\"(max-width: 97px) 100vw, 97px\" \/><\/strong><\/div>\n<div><strong><br \/>\nFI90 1050 3500 1054 17<\/strong><\/div>\n<\/div>\n<\/div>\n<\/div>\n<\/div>\n<\/div>\n<\/div>\n<\/div>\n","protected":false},"excerpt":{"rendered":"<p>Yhteystiedot Joonas R\u00f6pp\u00e4nen joonas.roppanen (\u00e4t) gmail.com &nbsp; &nbsp; itcoin: 1EpcqFUWhTUCBU3DDHojbFmBFRmpNygtz8 FI90 1050 3500 1054 17<\/p>\n","protected":false},"author":1,"featured_media":0,"parent":0,"menu_order":0,"comment_status":"closed","ping_status":"closed","template":"","meta":{"footnotes":""},"class_list":["post-143","page","type-page","status-publish","hentry"],"_links":{"self":[{"href":"https:\/\/www.roppanen.fi\/index.php\/wp-json\/wp\/v2\/pages\/143","targetHints":{"allow":["GET"]}}],"collection":[{"href":"https:\/\/www.roppanen.fi\/index.php\/wp-json\/wp\/v2\/pages"}],"about":[{"href":"https:\/\/www.roppanen.fi\/index.php\/wp-json\/wp\/v2\/types\/page"}],"author":[{"embeddable":true,"href":"https:\/\/www.roppanen.fi\/index.php\/wp-json\/wp\/v2\/users\/1"}],"replies":[{"embeddable":true,"href":"https:\/\/www.roppanen.fi\/index.php\/wp-json\/wp\/v2\/comments?post=143"}],"version-history":[{"count":4,"href":"https:\/\/www.roppanen.fi\/index.php\/wp-json\/wp\/v2\/pages\/143\/revisions"}],"predecessor-version":[{"id":151,"href":"https:\/\/www.roppanen.fi\/index.php\/wp-json\/wp\/v2\/pages\/143\/revisions\/151"}],"wp:attachment":[{"href":"https:\/\/www.roppanen.fi\/index.php\/wp-json\/wp\/v2\/media?parent=143"}],"curies":[{"name":"wp","href":"https:\/\/api.w.org\/{rel}","templated":true}]}}